{"id":62,"date":"2017-09-12T17:51:30","date_gmt":"2017-09-12T17:51:30","guid":{"rendered":"http:\/\/av-bevern.de\/?page_id=62"},"modified":"2024-05-14T18:47:55","modified_gmt":"2024-05-14T18:47:55","slug":"der-vorstand","status":"publish","type":"page","link":"https:\/\/av-bevern.de\/?page_id=62","title":{"rendered":"Vorstand"},"content":{"rendered":"<h1><i><b>V<\/b><\/i><i><b>orstand des AV-Bevern e. V.<\/b><\/i><\/h1>\n<table style=\"width: 100%; height: 1206px;\">\n<tbody>\n<tr style=\"height: 31px;\">\n<td style=\"height: 31px; width: 99.8517%;\" colspan=\"2\"><span style=\"font-size: 18pt;\"><strong><span style=\"text-decoration: underline;\">Vorstand<\/span><\/strong><\/span><\/td>\n<\/tr>\n<tr style=\"height: 115px;\">\n<td style=\"height: 115px; width: 22.7003%; text-align: center;\"><img loading=\"lazy\" decoding=\"async\" class=\"size-full wp-image-20 aligncenter\" src=\"http:\/\/av-bevern.de\/wp-content\/uploads\/2017\/08\/38460139.jpg\" alt=\"\" width=\"99\" height=\"99\" \/><\/td>\n<td style=\"height: 115px; width: 77.1514%;\"><strong><span style=\"text-decoration: underline;\">1. Vorsitzender<\/span><\/strong><br \/>\nJens Viebrock<br \/>\n<span style=\"color: #999999;\">vorsitzender[at]av-bevern.de<\/span><\/td>\n<\/tr>\n<tr style=\"height: 113px;\">\n<td style=\"height: 113px; width: 22.7003%; text-align: center;\"><img loading=\"lazy\" decoding=\"async\" class=\"wp-image-235  aligncenter\" src=\"http:\/\/av-bevern.de\/wp-content\/uploads\/2023\/01\/20221208_203717-240x300.jpg\" alt=\"\" width=\"91\" height=\"114\" srcset=\"https:\/\/av-bevern.de\/wp-content\/uploads\/2023\/01\/20221208_203717-240x300.jpg 240w, https:\/\/av-bevern.de\/wp-content\/uploads\/2023\/01\/20221208_203717-819x1024.jpg 819w, https:\/\/av-bevern.de\/wp-content\/uploads\/2023\/01\/20221208_203717-768x960.jpg 768w, https:\/\/av-bevern.de\/wp-content\/uploads\/2023\/01\/20221208_203717.jpg 833w\" sizes=\"auto, (max-width: 91px) 100vw, 91px\" \/><\/td>\n<td style=\"height: 113px; width: 77.1514%;\"><strong><span style=\"text-decoration: underline;\">2. Vorsitzender<\/span><\/strong><br \/>\nPatrick Oelmann<\/td>\n<\/tr>\n<tr style=\"height: 116px;\">\n<td style=\"height: 116px; width: 22.7003%; text-align: center;\"><img loading=\"lazy\" decoding=\"async\" class=\"size-full wp-image-23 aligncenter\" src=\"http:\/\/av-bevern.de\/wp-content\/uploads\/2017\/08\/38460154.jpg\" alt=\"\" width=\"100\" height=\"100\" \/><\/td>\n<td style=\"height: 116px; width: 77.1514%;\"><strong><span style=\"text-decoration: underline;\">Kassenwart<\/span><\/strong><br \/>\nJ\u00f6rn Viebrock<br \/>\n<span style=\"color: #999999;\">kassenwart[at]av-bevern.de<\/span><\/td>\n<\/tr>\n<tr style=\"height: 116px;\">\n<td style=\"height: 116px; width: 22.7003%; text-align: center;\"><img loading=\"lazy\" decoding=\"async\" class=\"wp-image-233 aligncenter\" src=\"http:\/\/av-bevern.de\/wp-content\/uploads\/2023\/01\/20221208_2038310-237x300.jpg\" alt=\"\" width=\"92\" height=\"117\" srcset=\"https:\/\/av-bevern.de\/wp-content\/uploads\/2023\/01\/20221208_2038310-237x300.jpg 237w, https:\/\/av-bevern.de\/wp-content\/uploads\/2023\/01\/20221208_2038310-809x1024.jpg 809w, https:\/\/av-bevern.de\/wp-content\/uploads\/2023\/01\/20221208_2038310-768x972.jpg 768w, https:\/\/av-bevern.de\/wp-content\/uploads\/2023\/01\/20221208_2038310.jpg 1125w\" sizes=\"auto, (max-width: 92px) 100vw, 92px\" \/><\/td>\n<td style=\"height: 116px; width: 77.1514%;\"><strong><span style=\"text-decoration: underline;\">Schriftwartin<\/span><\/strong><br \/>\nElke Imhof<br \/>\n<span style=\"color: #999999;\">schriftwartin[at]av-bevern.de<\/span><\/td>\n<\/tr>\n<tr style=\"height: 62px;\">\n<td style=\"height: 62px; width: 22.7003%; text-align: center;\"><\/td>\n<td style=\"height: 62px; width: 77.1514%;\"><strong><span style=\"text-decoration: underline;\">Gew\u00e4sserwart<\/span><\/strong><br \/>\nChristian Dittmer<br \/>\n<span style=\"color: #999999;\">gew\u00e4sserwart[at]av-bevern.de<\/span><\/td>\n<\/tr>\n<tr style=\"height: 116px;\">\n<td style=\"height: 116px; width: 22.7003%; text-align: center;\"><img loading=\"lazy\" decoding=\"async\" class=\"size-full wp-image-21 aligncenter\" src=\"http:\/\/av-bevern.de\/wp-content\/uploads\/2017\/08\/38460144.jpg\" alt=\"\" width=\"100\" height=\"100\" \/><\/td>\n<td style=\"height: 116px; width: 77.1514%;\"><strong><span style=\"text-decoration: underline;\">Hegeleiter<\/span><\/strong><br \/>\nHeino Viebrock<br \/>\n<span style=\"color: #999999;\">hegeleiter[at]av-bevern.de<\/span><\/td>\n<\/tr>\n<tr style=\"height: 116px;\">\n<td style=\"height: 116px; width: 22.7003%; text-align: center;\"><img loading=\"lazy\" decoding=\"async\" class=\"size-full wp-image-22 aligncenter\" src=\"http:\/\/av-bevern.de\/wp-content\/uploads\/2017\/08\/38460149.jpg\" alt=\"\" width=\"100\" height=\"100\" \/><\/td>\n<td style=\"height: 116px; width: 77.1514%;\"><strong><span style=\"text-decoration: underline;\">Jugendwartin<br \/>\n<\/span><\/strong>Gudrun V\u00f6lz<br \/>\n<span style=\"color: #999999;\">jugendwartin[at]av-bevern.de<\/span><\/td>\n<\/tr>\n<tr style=\"height: 126px;\">\n<td style=\"height: 126px; width: 22.7003%; text-align: center;\"><img loading=\"lazy\" decoding=\"async\" class=\"wp-image-232 aligncenter\" src=\"http:\/\/av-bevern.de\/wp-content\/uploads\/2023\/01\/20221208_2036290-226x300.jpg\" alt=\"\" width=\"95\" height=\"126\" srcset=\"https:\/\/av-bevern.de\/wp-content\/uploads\/2023\/01\/20221208_2036290-226x300.jpg 226w, https:\/\/av-bevern.de\/wp-content\/uploads\/2023\/01\/20221208_2036290-772x1024.jpg 772w, https:\/\/av-bevern.de\/wp-content\/uploads\/2023\/01\/20221208_2036290-768x1018.jpg 768w, https:\/\/av-bevern.de\/wp-content\/uploads\/2023\/01\/20221208_2036290.jpg 866w\" sizes=\"auto, (max-width: 95px) 100vw, 95px\" \/><\/td>\n<td style=\"height: 126px; width: 77.1514%;\"><strong><span style=\"text-decoration: underline;\">Ger\u00e4tewart<\/span><\/strong><br \/>\nAlexander Kriegel<\/td>\n<\/tr>\n<tr style=\"height: 121px;\">\n<td style=\"height: 121px; width: 22.7003%; text-align: center;\"><img loading=\"lazy\" decoding=\"async\" class=\"wp-image-234 aligncenter\" src=\"http:\/\/av-bevern.de\/wp-content\/uploads\/2023\/01\/20221208_203653-213x300.jpg\" alt=\"\" width=\"86\" height=\"121\" srcset=\"https:\/\/av-bevern.de\/wp-content\/uploads\/2023\/01\/20221208_203653-213x300.jpg 213w, https:\/\/av-bevern.de\/wp-content\/uploads\/2023\/01\/20221208_203653-727x1024.jpg 727w, https:\/\/av-bevern.de\/wp-content\/uploads\/2023\/01\/20221208_203653-768x1081.jpg 768w, https:\/\/av-bevern.de\/wp-content\/uploads\/2023\/01\/20221208_203653.jpg 882w\" sizes=\"auto, (max-width: 86px) 100vw, 86px\" \/><\/td>\n<td style=\"height: 121px; width: 77.1514%;\"><strong><span style=\"text-decoration: underline;\">1. Fischereiaufseher<\/span><\/strong><br \/>\nThorsten W\u00fclbern<\/td>\n<\/tr>\n<tr style=\"height: 74px;\">\n<td style=\"height: 74px; width: 22.7003%; text-align: center;\"><\/td>\n<td style=\"height: 74px; width: 77.1514%;\"><strong><span style=\"text-decoration: underline;\">2. Fischereiaufseher<\/span><\/strong><br \/>\nJan-Christoph Steffens<\/td>\n<\/tr>\n<tr style=\"height: 100px;\">\n<td style=\"height: 100px; width: 22.7003%; text-align: center;\"><img loading=\"lazy\" decoding=\"async\" class=\"size-full wp-image-28 aligncenter\" src=\"http:\/\/av-bevern.de\/wp-content\/uploads\/2017\/08\/big_44595241_0_101-100.jpg\" alt=\"\" width=\"101\" height=\"100\" srcset=\"https:\/\/av-bevern.de\/wp-content\/uploads\/2017\/08\/big_44595241_0_101-100.jpg 101w, https:\/\/av-bevern.de\/wp-content\/uploads\/2017\/08\/big_44595241_0_101-100-100x100.jpg 100w\" sizes=\"auto, (max-width: 101px) 100vw, 101px\" \/><\/td>\n<td style=\"height: 100px; width: 77.1514%;\"><b><u>Webmaster<br \/>\n<\/u><\/b>Davin Imhof<br \/>\n<span style=\"color: #999999;\">webmaster[at]av-bevern.de<\/span><\/td>\n<\/tr>\n<\/tbody>\n<\/table>\n<p style=\"padding-left: 120px;\">\n","protected":false},"excerpt":{"rendered":"<p>Vorstand des AV-Bevern e. V. Vorstand 1. Vorsitzender Jens Viebrock vorsitzender[at]av-bevern.de 2. Vorsitzender Patrick Oelmann Kassenwart J\u00f6rn Viebrock kassenwart[at]av-bevern.de Schriftwartin Elke Imhof schriftwartin[at]av-bevern.de Gew\u00e4sserwart Christian Dittmer gew\u00e4sserwart[at]av-bevern.de Hegeleiter Heino Viebrock hegeleiter[at]av-bevern.de Jugendwartin Gudrun V\u00f6lz jugendwartin[at]av-bevern.de Ger\u00e4tewart Alexander Kriegel 1. Fischereiaufseher Thorsten W\u00fclbern 2. Fischereiaufseher Jan-Christoph Steffens Webmaster Davin Imhof webmaster[at]av-bevern.de<\/p>\n","protected":false},"author":1,"featured_media":0,"parent":0,"menu_order":0,"comment_status":"closed","ping_status":"closed","template":"","meta":{"footnotes":""},"class_list":["post-62","page","type-page","status-publish","hentry"],"yoast_head":"<!-- This site is optimized with the Yoast SEO plugin v26.8 - https:\/\/yoast.com\/product\/yoast-seo-wordpress\/ -->\n<title>Vorstand - AV Bevern<\/title>\n<meta name=\"robots\" content=\"index, follow, max-snippet:-1, max-image-preview:large, max-video-preview:-1\" \/>\n<link rel=\"canonical\" href=\"https:\/\/av-bevern.de\/?page_id=62\" \/>\n<meta property=\"og:locale\" content=\"de_DE\" \/>\n<meta property=\"og:type\" content=\"article\" \/>\n<meta property=\"og:title\" content=\"Vorstand - AV Bevern\" \/>\n<meta property=\"og:description\" content=\"Vorstand des AV-Bevern e. V. Vorstand 1. Vorsitzender Jens Viebrock vorsitzender[at]av-bevern.de 2. Vorsitzender Patrick Oelmann Kassenwart J\u00f6rn Viebrock kassenwart[at]av-bevern.de Schriftwartin Elke Imhof schriftwartin[at]av-bevern.de Gew\u00e4sserwart Christian Dittmer gew\u00e4sserwart[at]av-bevern.de Hegeleiter Heino Viebrock hegeleiter[at]av-bevern.de Jugendwartin Gudrun V\u00f6lz jugendwartin[at]av-bevern.de Ger\u00e4tewart Alexander Kriegel 1. Fischereiaufseher Thorsten W\u00fclbern 2. Fischereiaufseher Jan-Christoph Steffens Webmaster Davin Imhof webmaster[at]av-bevern.de\" \/>\n<meta property=\"og:url\" content=\"https:\/\/av-bevern.de\/?page_id=62\" \/>\n<meta property=\"og:site_name\" content=\"AV Bevern\" \/>\n<meta property=\"article:modified_time\" content=\"2024-05-14T18:47:55+00:00\" \/>\n<meta property=\"og:image\" content=\"http:\/\/av-bevern.de\/wp-content\/uploads\/2017\/08\/38460139.jpg\" \/>\n<meta name=\"twitter:card\" content=\"summary_large_image\" \/>\n<meta name=\"twitter:label1\" content=\"Gesch\u00e4tzte Lesezeit\" \/>\n\t<meta name=\"twitter:data1\" content=\"3\u00a0Minuten\" \/>\n<script type=\"application\/ld+json\" class=\"yoast-schema-graph\">{\"@context\":\"https:\/\/schema.org\",\"@graph\":[{\"@type\":\"WebPage\",\"@id\":\"https:\/\/av-bevern.de\/?page_id=62\",\"url\":\"https:\/\/av-bevern.de\/?page_id=62\",\"name\":\"Vorstand - AV Bevern\",\"isPartOf\":{\"@id\":\"https:\/\/av-bevern.de\/#website\"},\"primaryImageOfPage\":{\"@id\":\"https:\/\/av-bevern.de\/?page_id=62#primaryimage\"},\"image\":{\"@id\":\"https:\/\/av-bevern.de\/?page_id=62#primaryimage\"},\"thumbnailUrl\":\"http:\/\/av-bevern.de\/wp-content\/uploads\/2017\/08\/38460139.jpg\",\"datePublished\":\"2017-09-12T17:51:30+00:00\",\"dateModified\":\"2024-05-14T18:47:55+00:00\",\"breadcrumb\":{\"@id\":\"https:\/\/av-bevern.de\/?page_id=62#breadcrumb\"},\"inLanguage\":\"de\",\"potentialAction\":[{\"@type\":\"ReadAction\",\"target\":[\"https:\/\/av-bevern.de\/?page_id=62\"]}]},{\"@type\":\"ImageObject\",\"inLanguage\":\"de\",\"@id\":\"https:\/\/av-bevern.de\/?page_id=62#primaryimage\",\"url\":\"https:\/\/av-bevern.de\/wp-content\/uploads\/2017\/08\/38460139.jpg\",\"contentUrl\":\"https:\/\/av-bevern.de\/wp-content\/uploads\/2017\/08\/38460139.jpg\",\"width\":99,\"height\":99},{\"@type\":\"BreadcrumbList\",\"@id\":\"https:\/\/av-bevern.de\/?page_id=62#breadcrumb\",\"itemListElement\":[{\"@type\":\"ListItem\",\"position\":1,\"name\":\"Startseite\",\"item\":\"https:\/\/av-bevern.de\/\"},{\"@type\":\"ListItem\",\"position\":2,\"name\":\"Vorstand\"}]},{\"@type\":\"WebSite\",\"@id\":\"https:\/\/av-bevern.de\/#website\",\"url\":\"https:\/\/av-bevern.de\/\",\"name\":\"AV Bevern\",\"description\":\"seit 1965\",\"publisher\":{\"@id\":\"https:\/\/av-bevern.de\/#organization\"},\"potentialAction\":[{\"@type\":\"SearchAction\",\"target\":{\"@type\":\"EntryPoint\",\"urlTemplate\":\"https:\/\/av-bevern.de\/?s={search_term_string}\"},\"query-input\":{\"@type\":\"PropertyValueSpecification\",\"valueRequired\":true,\"valueName\":\"search_term_string\"}}],\"inLanguage\":\"de\"},{\"@type\":\"Organization\",\"@id\":\"https:\/\/av-bevern.de\/#organization\",\"name\":\"AV Bevern\",\"url\":\"https:\/\/av-bevern.de\/\",\"logo\":{\"@type\":\"ImageObject\",\"inLanguage\":\"de\",\"@id\":\"https:\/\/av-bevern.de\/#\/schema\/logo\/image\/\",\"url\":\"https:\/\/av-bevern.de\/wp-content\/uploads\/2017\/12\/cropped-AV.jpg\",\"contentUrl\":\"https:\/\/av-bevern.de\/wp-content\/uploads\/2017\/12\/cropped-AV.jpg\",\"width\":217,\"height\":250,\"caption\":\"AV Bevern\"},\"image\":{\"@id\":\"https:\/\/av-bevern.de\/#\/schema\/logo\/image\/\"}}]}<\/script>\n<!-- \/ Yoast SEO plugin. -->","yoast_head_json":{"title":"Vorstand - AV Bevern","robots":{"index":"index","follow":"follow","max-snippet":"max-snippet:-1","max-image-preview":"max-image-preview:large","max-video-preview":"max-video-preview:-1"},"canonical":"https:\/\/av-bevern.de\/?page_id=62","og_locale":"de_DE","og_type":"article","og_title":"Vorstand - AV Bevern","og_description":"Vorstand des AV-Bevern e. V. Vorstand 1. Vorsitzender Jens Viebrock vorsitzender[at]av-bevern.de 2. Vorsitzender Patrick Oelmann Kassenwart J\u00f6rn Viebrock kassenwart[at]av-bevern.de Schriftwartin Elke Imhof schriftwartin[at]av-bevern.de Gew\u00e4sserwart Christian Dittmer gew\u00e4sserwart[at]av-bevern.de Hegeleiter Heino Viebrock hegeleiter[at]av-bevern.de Jugendwartin Gudrun V\u00f6lz jugendwartin[at]av-bevern.de Ger\u00e4tewart Alexander Kriegel 1. Fischereiaufseher Thorsten W\u00fclbern 2. Fischereiaufseher Jan-Christoph Steffens Webmaster Davin Imhof webmaster[at]av-bevern.de","og_url":"https:\/\/av-bevern.de\/?page_id=62","og_site_name":"AV Bevern","article_modified_time":"2024-05-14T18:47:55+00:00","og_image":[{"url":"http:\/\/av-bevern.de\/wp-content\/uploads\/2017\/08\/38460139.jpg","type":"","width":"","height":""}],"twitter_card":"summary_large_image","twitter_misc":{"Gesch\u00e4tzte Lesezeit":"3\u00a0Minuten"},"schema":{"@context":"https:\/\/schema.org","@graph":[{"@type":"WebPage","@id":"https:\/\/av-bevern.de\/?page_id=62","url":"https:\/\/av-bevern.de\/?page_id=62","name":"Vorstand - AV Bevern","isPartOf":{"@id":"https:\/\/av-bevern.de\/#website"},"primaryImageOfPage":{"@id":"https:\/\/av-bevern.de\/?page_id=62#primaryimage"},"image":{"@id":"https:\/\/av-bevern.de\/?page_id=62#primaryimage"},"thumbnailUrl":"http:\/\/av-bevern.de\/wp-content\/uploads\/2017\/08\/38460139.jpg","datePublished":"2017-09-12T17:51:30+00:00","dateModified":"2024-05-14T18:47:55+00:00","breadcrumb":{"@id":"https:\/\/av-bevern.de\/?page_id=62#breadcrumb"},"inLanguage":"de","potentialAction":[{"@type":"ReadAction","target":["https:\/\/av-bevern.de\/?page_id=62"]}]},{"@type":"ImageObject","inLanguage":"de","@id":"https:\/\/av-bevern.de\/?page_id=62#primaryimage","url":"https:\/\/av-bevern.de\/wp-content\/uploads\/2017\/08\/38460139.jpg","contentUrl":"https:\/\/av-bevern.de\/wp-content\/uploads\/2017\/08\/38460139.jpg","width":99,"height":99},{"@type":"BreadcrumbList","@id":"https:\/\/av-bevern.de\/?page_id=62#breadcrumb","itemListElement":[{"@type":"ListItem","position":1,"name":"Startseite","item":"https:\/\/av-bevern.de\/"},{"@type":"ListItem","position":2,"name":"Vorstand"}]},{"@type":"WebSite","@id":"https:\/\/av-bevern.de\/#website","url":"https:\/\/av-bevern.de\/","name":"AV Bevern","description":"seit 1965","publisher":{"@id":"https:\/\/av-bevern.de\/#organization"},"potentialAction":[{"@type":"SearchAction","target":{"@type":"EntryPoint","urlTemplate":"https:\/\/av-bevern.de\/?s={search_term_string}"},"query-input":{"@type":"PropertyValueSpecification","valueRequired":true,"valueName":"search_term_string"}}],"inLanguage":"de"},{"@type":"Organization","@id":"https:\/\/av-bevern.de\/#organization","name":"AV Bevern","url":"https:\/\/av-bevern.de\/","logo":{"@type":"ImageObject","inLanguage":"de","@id":"https:\/\/av-bevern.de\/#\/schema\/logo\/image\/","url":"https:\/\/av-bevern.de\/wp-content\/uploads\/2017\/12\/cropped-AV.jpg","contentUrl":"https:\/\/av-bevern.de\/wp-content\/uploads\/2017\/12\/cropped-AV.jpg","width":217,"height":250,"caption":"AV Bevern"},"image":{"@id":"https:\/\/av-bevern.de\/#\/schema\/logo\/image\/"}}]}},"_links":{"self":[{"href":"https:\/\/av-bevern.de\/index.php?rest_route=\/wp\/v2\/pages\/62","targetHints":{"allow":["GET"]}}],"collection":[{"href":"https:\/\/av-bevern.de\/index.php?rest_route=\/wp\/v2\/pages"}],"about":[{"href":"https:\/\/av-bevern.de\/index.php?rest_route=\/wp\/v2\/types\/page"}],"author":[{"embeddable":true,"href":"https:\/\/av-bevern.de\/index.php?rest_route=\/wp\/v2\/users\/1"}],"replies":[{"embeddable":true,"href":"https:\/\/av-bevern.de\/index.php?rest_route=%2Fwp%2Fv2%2Fcomments&post=62"}],"version-history":[{"count":21,"href":"https:\/\/av-bevern.de\/index.php?rest_route=\/wp\/v2\/pages\/62\/revisions"}],"predecessor-version":[{"id":266,"href":"https:\/\/av-bevern.de\/index.php?rest_route=\/wp\/v2\/pages\/62\/revisions\/266"}],"wp:attachment":[{"href":"https:\/\/av-bevern.de\/index.php?rest_route=%2Fwp%2Fv2%2Fmedia&parent=62"}],"curies":[{"name":"wp","href":"https:\/\/api.w.org\/{rel}","templated":true}]}}